t l(x) = 21*x - 67. Let s be (540/72)/(1 - 1/2). What are the prime factors of l(s)?
2, 31
Let h = 76 + -59. Let o(k) = 9*k**2 + k**3 - 4*k + h*k - 26 + 47. What are the prime factors of o(-7)?
2, 7
Suppose 182576 = 5*p + 3*v + 1851, -3*p + 108434 = 2*v. List the prime factors of p.
2, 7, 1291
Let l(v) = -3*v - 11*v - 2*v**2 - 7*v - 14. Let m be l(-14). Let z = m - -303. What are the prime factors of z?
191
What are the prime factors of 55/(-22) + 109770/20?
2, 13, 211
Let t = -8162 + 13803. List the prime factors of t.
5641
Suppose 4*z + 3395 = -5*p + 38140, -4*z + 34763 = -p. What are the prime factors of 1*z/6 - 494/(-741)?
3, 7, 23
Suppose -169117 = -5*z - t, -5*z + 489*t + 169096 = 487*t. What are the prime factors of z?
2, 3, 1879
Let w = 10216 + -7676. List the prime factors of w.
2, 5, 127
Let w(a) = 256*a**2 + 103*a + 700. List the prime factors of w(-6).
2, 4649
Suppose -46*c + 72*c = 53*c - 240084. What are the prime factors of c?
2, 3, 13, 19
Let k(w) = -972*w + 137. Let y be k(-12). Suppose -6*m + y - 2435 = 0. List the prime factors of m.
7, 223
Suppose -3*m - 17238 = -3*d, -5*m = 6*d - 3*d - 17238. What are the prime factors of d?
2, 13, 17
Let m(t) = -t**2 - 8*t + 7. Let l be m(-4). Let k = 82 - l. List the prime factors of k.
59
Let s(z) = z**3 + 8*z**2 - 22*z + 25. Let l(w) = -w**2. Let t(x) = -5*l(x) - s(x). List the prime factors of t(-10).
5, 7, 13
Suppose 0 = -8*g + 18*g - 30. What are the prime factors of 0/(-15) + (6/g - -766)?
2, 3
Suppose -2190*v + 417810 = -2171*v. List the prime factors of v.
2, 3, 5, 733
Let o = -346 + 224. Let c be (o - 2)/((-4)/(-4)) - 0. Let i = 197 + c. List the prime factors of i.
73
What are the prime factors of 1/(12/452)*(-15)/10*-1382?
113, 691
Let a(y) = -248*y**3 - y**2 - 17*y - 10. What are the prime factors of a(-3)?
2, 29
What are the prime factors of -2*(-5)/(-30) + (-49200)/(-18)?
3, 911
Suppose -9*f = -5*f + 2*z - 213914, 4*z + 28 = 0. What are the prime factors of f?
2, 11, 13, 17
Let d(y) = -215*y + 15352. What are the prime factors of d(6)?
2, 79, 89
Suppose 9*a = 5*a + 396. Suppose -711 = -6*h - a. What are the prime factors of h?
2, 3, 17
Let b(x) = 206*x**2 + 20*x - 20. Let s = 174 + -173. What are the prime factors of b(s)?
2, 103
Let i(n) = -n**2 + 43*n + 12. Let b be i(43). Let k(a) = a. Let t(f) = 12*f + 52. Let g(j) = -5*k(j) + t(j). What are the prime factors of g(b)?
2, 17
Suppose -4*v = -5*a + 100066, -8*v - 60046 = -3*a - 4*v. List the prime factors of a.
2, 3, 5, 23, 29
Let p(z) = z**3 + 4*z**2 + 2*z - 1. Let k be p(-3). Suppose a - w - 20 = 2*a, 2*a - k*w = -44. What are the prime factors of (-3)/a + (-1286)/(-14)?
2, 23
Let k(p) = -31*p + 9. Suppose 0 = -5*i - 14 - 6. What are the prime factors of k(i)?
7, 19
Let s(v) = v**2 + 3*v - 2. Let g be s(-4). Let u be (273/98 - 4/14)*16/10. Suppose 2*q = -4*l + 118, -g*q + u*l = -4 - 138. List the prime factors of q.
5, 13
Let v(m) be the third derivative of 49*m**5/60 + m**4/4 - m**3/2 + 2*m**2 - 11*m. What are the prime factors of v(2)?
5, 41
Let m be (-572)/8 + (-1)/(-2). Let y = -176 + 310. Let x = y + m. List the prime factors of x.
3, 7
Let v(y) = 119*y**2 - 27*y + 16. Let o be v(8). Suppose 0*c = -9*c + o. List the prime factors of c.
2, 103
Suppose -2*z - 52 + 40 = 0, -3*w + z + 12822 = 0. What are the prime factors of w?
2, 3, 89
Suppose 6136 + 12390 = 2*v. What are the prime factors of v?
59, 157
Let l(s) = -55 + 21 + 2*s**2 + 30*s + 27. What are the prime factors of l(-18)?
101
Let g be -1*(-2)/(10/12485). Suppose -5*v + g = 277. What are the prime factors of v?
2, 3, 37
Let v(x) = -18. Let j(u) = u + 1. Let g(t) = 3*j(t) + v(t). Let c be g(6). Suppose -c*r + 4*a = -7 - 220, -r - 4*a + 65 = 0. What are the prime factors of r?
73
Suppose 329806 + 51460 = 93*u + 4430. List the prime factors of u.
2, 1013
Let x(r) = -3*r - 58. Let g(u) = -u + 3. Let y(b) = -g(b) - x(b). What are the prime factors of y(-5)?
5, 7
What are the prime factors of (-17146)/(-17)*(105 - 88)?
2, 8573
Let f = -68 + -55. Let g = -324 - -107. Let h = f - g. List the prime factors of h.
2, 47
Suppose 25*l - 7*l - 54 = 0. Suppose 0 = o + w - 28 - 17, -4*o + l*w = -194. List the prime factors of o.
47
Let m = 1350 + 1987. What are the prime factors of m?
47, 71
Let r(g) = 3*g**3 + 12*g**2 - 11*g + 24. Let x be r(8). Suppose 0 = 4*n + 3*d - x, 0 = -3*n - n - 4*d + 2236. What are the prime factors of n?
563
Let i be 2*(2 + -1)*144/96. Suppose 0 = -5*b - 3*u + 66, i*b - 30 = 3*u - 0*u. What are the prime factors of b?
2, 3
Suppose -34*d = -32*d - 10. Let i(q) = q**3 - 4*q**2 - 6*q + 3. Let f be i(d). List the prime factors of 3 + -1*(f - 61).
2, 3, 11
Let a = 198 - 181. Suppose 53*z = a*z + 29736. What are the prime factors of z?
2, 7, 59
Suppose 29*s - 6297 - 15975 = 0. List the prime factors of s.
2, 3
Let n(h) = 45*h**3 - 19*h**2 - 20*h + 259. List the prime factors of n(9).
5, 6269
Suppose -2751*w + 2750*w - 4520 + 14860 = 0. What are the prime factors of w?
2, 5, 11, 47
Let h be (7/(-2))/((119/(-28))/17). Let p = 260 + h. What are the prime factors of p?
2, 137
Let r(l) = 3*l**2 + 24*l - 4. Let v(z) = z**3 + 6*z**2 + 7*z + 6. Let m be v(-4). What are the prime factors of r(m)?
2, 67
Suppose -2*d = -4*a + 6416, -3*d - 1138 = -a + 476. Suppose -17*o - 259 = -a. What are the prime factors of o?
79
Suppose -5*t + 4*y + 86211 = 0, 3*t = 5*y + 8926 + 42798. List the prime factors of t.
43, 401
Let z = -27 + 58. Let a be z/(-3)*(-90)/10. Suppose -a = -y - 5*q, 3*q = 5*y + q - 330. List the prime factors of y.
2, 17
Suppose -58*j + 60*j = 35*j - 1655643. List the prime factors of j.
11, 4561
Let i(c) = 62*c**2 - 45*c - 350. What are the prime factors of i(-20)?
2, 3, 5, 13
Let l(d) = 274*d + 3419. List the prime factors of l(54).
5, 3643
Suppose -8*f + 7*f = -16. Suppose 0 = f*i + 11*i - 13203. What are the prime factors of i?
3, 163
What are the prime factors of 4/(-10) + (-36)/(-20) - (-6995934)/890?
2, 3931
Let b(l) = -4*l**3 - 19*l**2 - 76*l - 54. List the prime factors of b(-12).
2, 3, 839
What are the prime factors of 93/33 - 52/(-286) - -9943?
2, 4973
Let o(p) = p**3 - 6*p**2 + 12*p + 32. Let d be o(8). List the prime factors of 66/4*d/24.
2, 11
What are the prime factors of (-1 + 24/16)*4682?
2341
Let v = 45 - -4. Let l = 119 + v. List the prime factors of l.
2, 3, 7
Let i be (-1638)/(-49) - (24/7 + -3). Suppose -39*g + i*g + 162 = 0. What are the prime factors of g?
3
Let l(w) = -31 - 242*w - 10 + 44*w. What are the prime factors of l(-2)?
5, 71
Suppose 10 = 2*b + t, -b + 2*t = 3*b - 20. Suppose v + 292 + 32 = -b*q, q = -3*v - 930. Let u = -199 - v. What are the prime factors of u?
2, 5, 11
Let k(b) = -b**3 + 11*b**2 - 10*b + 6. Let m be k(10). Suppose 420 = -m*q + 2124. List the prime factors of q.
2, 71
Suppose 4*l = 3*q - 0*l - 59, 0 = -2*q - 2*l + 30. Let a = -15 - -54. Let r = a + q. List the prime factors of r.
2, 7
Suppose 5*u = -76*k + 73*k + 93248, -93239 = -3*k + 4*u. List the prime factors of k.
31081
Suppose -13*l + 18*l = 30. Suppose -w = -3*k - 19, -w = l*k - 8*k - 14. Suppose -w*f = -5*x + 457 + 74, -115 = -x + 3*f. What are the prime factors of x?
103
Suppose -40*d + 119013 + 2130013 = -562654. What are the prime factors of d?
2, 17573
Let x = 2294 - -11033. List the prime factors of x.
13327
Suppose -4*c + 3*c - 6 = 0. Let o(i) = i**3 - 78*i**2 - 257*i + 1646. Let a be o(81). What are the prime factors of 2/3*1 - a/c?
2, 43
Let p be ((-276)/(-5))/(4/10). Suppose 10*j + p = 1508. List the prime factors of j.
137
Let h(v) = -7*v - 36. Let b(d) = 11*d + 54. Let w(g) = -5*b(g) - 7*h(g). Suppose 0 = 3*z + 2*q - 2 + 41, -z = -2*q + 13. List the prime factors of w(z).
2, 3, 5
Suppose -9*c = 15*c - 864. Suppose -c*r - 2036 = -22376. List the prime factors of r.
5, 113
What are the prime factors of -8 + (0 - 1 - -15) + 2003?
7, 41
Let o = -751 - -10326. List the prime factors of o.
5, 383
Suppose 0 = 2*i - 1001 - 995. What are the prime factors of i?
2, 499
List the prime factors of 3*(-2)/(-18) - 39759/(-9).
2, 47
Suppose 17*i + 108 = 8*i. Let t be 66/4*((-16)/i)/2. List the prime factors of (t*-2)/(22/(-121)).
11
Let g(b) = b**3 - 6*b**2 + 3*b - 11. Let q be g(6). Suppose q*l = 9*l - 10. Suppose -l*f + 349 = -5*m - 166, -f + 11